 + -7 - (-1 + 5)
6
Evaluate -54 + 60 - (0 - (-12 - 0)).
-6
Calculate (-1 - 1) + 10 + 0 + -2.
6
-1 - (-8 + -4 + 6 + 4)
1
(-17 - -23) + (0 - 0)
6
What is (23 - 17) + -4 + (0 - 0)?
2
Calculate -1 + 13 + (-49 - -39).
2
Evaluate (-38 - -46) + (1 - 2) + -2.
5
What is the value of (1 - 3) + (-59 - -64)?
3
Evaluate 9 - (7 - (5 + -6)).
1
What is 3 + -6 - (3 - (-5 + 8))?
-3
-4 - (0 - -3 - 10) - 2
1
Evaluate 2 + -6 + 7 + -4.
-1
Evaluate -1 + 5 + -9 + 1 - -1.
-3
What is -2 - -2 - ((-15 - -13) + 2)?
0
What is the value of 1 + 2 + -5 - (16 + -19)?
1
10 + -6 + 8 + -6
6
What is 1 - ((0 - -1) + -2) - 3?
-1
3 + -4 + 5 + -13 - -3
-6
Evaluate (-2 - 3 - -4) + 1.
0
What is -8 - (-9 - -7) - (-1 + -12)?
7
-9 + 12 + (1 - 1)
3
-7 + 10 + (-1 - 9)
-7
What is the value of 6 - (3 - (1 + -2))?
2
0 - ((2 + 1 - 2) + 1)
-2
(-11 - -4 - -4) + 8 + -4
1
-7 - (4 + (-9 - 2))
0
Evaluate (-4 - (-4 + 2)) + 7.
5
Evaluate (7 - (-2 + 9 + -1)) + 5.
6
What is the value of 3 - (6 + -2) - -5?
4
What is the value of 2 + (-2 + 0 - -5)?
5
Evaluate 15 + -16 - (-10 - -9).
0
Calculate 6 + (0 - 0) + -3 + -6.
-3
What is the value of 0 + 4 - (-21 + 35)?
-10
What is the value of (2 - (6 - 6)) + -4?
-2
Calculate 4 - 27 - (9 + -22).
-10
What is -99 - -106 - (-1 - -10)?
-2
What is the value of 5 + ((-5 - -8) + -2 - 7)?
-1
What is the value of (-2 - ((-2 - 3) + 3)) + 7?
7
Evaluate (13 - (2 - 1)) + (1 - 6).
7
-5 + (6 - (9 - 1))
-7
Calculate -5 - (8 + -4 + -1 - 5).
-3
Evaluate -4 + 3 + -2 + 2.
-1
(4 - 7) + 4 + (6 - 2)
5
What is the value of 0 + (0 - 3 - (-2 + -1))?
0
What is -1 - (18 + -7 - 8)?
-4
What is (-4 - -3) + (-4 - 0)?
-5
What is the value of -8 + 7 + 8 - 1?
6
What is the value of -4 + 10 + (-4 - (-2 - -2))?
2
Calculate 3 + (0 + 21 - 13).
11
Calculate -1 + 1 + 0 + 4.
4
Calculate (11 - 9) + 1 - (-1 - -2).
2
Evaluate 11 + -31 + (-3 - -14).
-9
What is the value of -7 + -12 + -2 + 20?
-1
Calculate -4 - (1 + (-3 - 4)) - 0.
2
What is the value of 4 - (10 - (10 - 2))?
2
Evaluate -2 - (0 - (4 - 1)).
1
Evaluate (1 - -1) + (8 - (11 - -2)).
-3
-3 - ((-1 - -1) + 1 + -2)
-2
Calculate (-6 - -2) + 11 + -10.
-3
Evaluate (22 - 20) + (-1 - 5).
-4
Evaluate (-11 - -1) + (-3 - (-10 + 2)).
-5
Evaluate 58 - 52 - (-1 + -2).
9
Evaluate 13 - (13 - (-6 - -9)).
3
(2 - -10 - 30) + 8
-10
Evaluate (-1 - -1) + (8 + 0 - 4).
4
Calculate 8 + 0 + 13 + (3 - 18).
6
What is the value of -2 - 0 - (6 - 6 - 3)?
1
What is (-4 - -4 - -1) + (-1 - -3)?
3
Calculate -5 + (-12 - -27) + -10.
0
What is the value of 1 - (0 - ((2 - 2) + 0))?
1
Evaluate 0 + -2 - (5 - 8) - -3.
4
Calculate 6 + 1 + -4 + (-8 - -2).
-3
7 + 1 + -5 - 0
3
What is -1 + (13 - 23 - (-1 + -2))?
-8
What is 16 - 17 - (2 - (-1 - 1))?
-5
What is the value of -10 + 6 - (1 - 0) - -1?
-4
Calculate 2 - ((-4 - -1) + 13 + -5).
-3
Calculate (-5 - -4) + 6 + -6.
-1
Calculate -2 - -1 - (-2 - -5).
-4
Evaluate (4 - 1) + -5 + -1.
-3
(1 - -1) + (-6 - 1)
-5
Calculate (-2 - -1) + (-4 - -8).
3
-5 - (4 + -4 + 0)
-5
What is -2 + (2 - 8) - -6?
-2
What is the value of (3 - -2) + (-17 - (-13 + 10))?
-9
What is -3 + (2 - -6) + (0 - 1)?
4
What is 1 + -10 - (-13 - -10)?
-6
-3 + (-2 - 3 - (-9 - -7))
-6
What is the value of -4 - (1 - 7 - -2 - -3)?
-3
Evaluate 4 + -8 - (1 + -8).
3
What is the value of (2 - (-6 + -4)) + -5 - 6?
1
2 + -8 + (2 - (0 - -1))
-5
Calculate (10 - (-3 - -9)) + 5.
9
What is the value of 3 - (10 + (-6 - -2 - -1))?
-4
(-155 - -152) + -1 + 1 + -6
-9
What is the value of 8 + 1 + -7 + -1?
1
(-6 - -2 - -4) + 5
5
What is -3 + (-5 + 2 - -5) + 6?
5
What is -3 - 0 - (-1 - -5 - 7)?
0
Evaluate 5 + -3 + -1 + 0 - -1.
2
-5 + 8 + (-9 - 4)
-10
Evaluate (-3 - (3 - (-2 - -2))) + 8.
2
-8 + 1 + 5 - -8
6
-1 + -1 + -3 + (-3 - -13)
5
What is 5 - (-2 - (-9 + -1))?
-3
-5 - (-5 + -1 + -4)
5
Evaluate -26 - -10 - (-12 + 0).
-4
1 + -7 + 3 + (-14 - -16)
-1
Evaluate 1 + -18 + (8 - -2).
-7
What is (-5 - -5) + 4 - 3?
1
What is the value of -2 + 2 + (-7 - -1 - -2)?
-4
Calculate 5 + 11 + -11 + (-2 - -2).
5
What is the value of -12 + 21 + -19 + 4?
-6
5 + -8 + 0 + 2 + 5
4
Evaluate (4 - (-2 - -3)) + -1.
2
Evaluate 58 - 54 - (-1 + -1 + 12).
-6
Calculate -53 + 57 + 1 + (-1 - 5).
-1
What is 1 + 0 + -8 + 8?
1
What is the value of (-80 - -82) + -1 + 2?
3
1 - (-1 + -6 + 4) - -2
6
-4 - (9 - 9 - (1 - 2))
-5
Evaluate 1 - ((-8 - 1) + 2 + 4).
4
What is the value of 6 - (3 - (4 - 5))?
2
Calculate 5 - (-7 + 8 + -1).
5
1 + 3 + -5 + 6
5
-14 + 7 - -4 - (-5 + 0)
2
What is 11 + -11 + (1 - -4)?
5
Evaluate -3 + -4 + (-3 - -17 - 5).
2
Calculate -3 - (-4 + 4) - -3.
0
(-4 - (2 - 3)) + 4
1
What is 2 - (-13 + 6 + 4)?
5
-5 + 3 - (-2 + -3 + 0)
3
-6 - (-2 - (9 + -4) - 8)
9
What is the value of 17 - 1 - (-157 + 169)?
4
What is the value of -5 + (-4 - -6) + 3?
0
What is the value of -4 + (5 + 1 - (21 + -20))?
1
Calculate 0 - (-1 - -2) - -5.
4
Calculate -10 - (-1 - 1) - -3.
-5
What is 8 - -1 - (5 + (-6 - -5))?
5
What is -2 + 0 + (6 - 1) + -2?
1
What is 1 - (3 + -1 + 4)?
-5
What is the value of 13 - 17 - (7 + -1) - -4?
-6
Evaluate (-4 + 8 - 0 - -2) + -5.
1
What is -2 + 1 - (5 - (4 + 8))?
6
119 + -114 - (8 - 1)
-2
What is 105 + -106 - ((0 - -1) + -6)?
4
Evaluate 13 - (-11 - (-16 + -5)).
3
Calculate 0 + -1 + (0 - -2).
1
What is the value of -4 + -4 + 0 + 5?
-3
Calculate 98 + -100 + 0 + -2.
-4
7 + -1 - 1 - 2
3
What is the value of -9 + (1 - -3) + 1?
-4
What is the value of 10 + (-5 - 7) + 8 + -3?
3
What is 1 + (-3 - -5) + -6 + 3?
0
(4 - 3) + 42 + -38
5
What is 2 + -2 - (0 + 0 - 2)?
2
Evaluate -7 + (1 - (0 - 11)) + -2.
3
What is 5 - (4 + -3) - -1?
5
What is -2 - (-2 + -1 + -1)?
2
Evaluate -24 + 16 - (0 + -2 + -2).
-4
Evaluate -4 + -12 + 15 + -4 + -1.
-6
What is -6 - -2 - (0 + -1 + 0)?
-3
Calculate 2 - (1 + 0) - 0.
1
Calculate -4 - (2 + -1 + (8 - 11)).
-2
What is (-1 - -9) + 82 + -90 + 1?
1
What is (-3 - 0) + 10 + -1 + -4?
2
Calculate 5 - (6 - 6 - 0).
5
What is the value of -5 - (-5 + (-10 - -7))?
3
1 + 1 + 3 + -9 - 0
-4
-6 + 8 + 4 - (7 + 2)
-3
What is -3 - (4 + -1 + -4)?
-2
Evaluate (1 - 4) + (8 - 5).
0
-2 + 2 - (3 + -4 - -1)
0
Calculate -6 + -6 + 8 + (-2 - -2).
-4
What is (21 - 10) + -20 - -14?
5
What is the value of 6 + (6 + -6 - 3)?
3
Evaluate 2 + (-4 + 4 - (0 - -2)).
0
-4 - ((5 - 1) + -11)
3
What is 2 + (2 - -1) + (-4 - 0)?
1
(-1 - -1) + -138 + 131
-7
Calculate (27 - 30) + (-1 - -2).
-2
What is -6 + 1 + 8 - -1?
4
-5 - (3 - 4 - 3)
-1
What is the value of -25 + 18 + (8 - 1)?
0
Evaluate (-4 - (-2 + -3)) + 1 + 1.
3
What is the value of -9 - (0 + -5 + -4)?
0
What is -4 + 4 + 1 - -4?
5
Evaluate 7 + -7 + -11 + 5.
-6
What is the value of 5 - (-3 - (-8 + 0))?
0
Evaluate -79 - -74 - (-1 - -2).
-6
Evaluate -2 + 2 + -1 + 1.
0
Evaluate 20 - 9 - 3 - 6.
2
Calculate -3 + 2 + -7 + 12 - 4.
0
Evaluate 3 - (-3 + 1 + 4).
1
What is the value of -12 + 2 + -6 + 11?
-5
Evaluate -2 + -2 + 7 + -5 + -3.
-5
What is the value of -1 - (0 + -2) - 4 - 4?
-7
-3 - (-33 + 37 - (1 + 2))
-4
What is -2 - 1 - (-19 + 19)?
-3
What is 1 - (2 - 7) - 6?
0
Calculate 2 - (5 + 3 + -4).
-2
What is the value of -22 - -25 - (-1 - -3 - 1)?
2
What is (0 - -2) + -10 + 7?
-1
Calculate 0 - (-1 - -4) - 1.
-4
What is the value of 2 + (-3 + 1 + 0 - 2)?
-2
3 - (3 - (-8 + 8))
0
Calculate 1 + -19 + 15 + 2 + -3.
-4
Calculate 6 + (-5 - (-7 + 3)).
5
Calculate (-10 - -8) + 8 + -6.
0
15 - (-6 + (-3 - -1) + 12)
11
-9 + (-7 + -1 - -24)
7
Calculate -4 + -1 - (-2 + -14) - 2.
9
Evaluate 1 - (-3 + (1 - (-2 + 4))).
5
What is the value of -9 + -10 + 32 - (7 + 1)?
5
0 + (-3 - -4 - 2) - 0
-1
What is the value of 0 + (-3 - -3 - 1 - -1)?
0
What is the value of -2 + 3 + (0 - 0) + -4?
-3
Calculate (-4 + 5 + -5 - 0) + -2.
-6
Evaluate (11 - -2) + -4 - 4.
5
(-1 - (-1 - -2)) + (-389 - -385)
-6
Evaluate (4 - 6 - -5) + -1.
2
(-10 + 11 - -5) + -4
2
(2 - (-1 - -1) - 3) + 1
0
What is (3 - 10) + 8 - (5 - 0)?
-4
What is 0 + -3 + 1 + 5?
3
Calculate -18 + (-21 - -15 - -16).
-8
What is 6 + 0 + -4 - -2?
4
1 - 7 - (-21 + 17)
-2
Evaluate -1 - -2 - (-2 - -7).
-4
What is 2 - (2 - (-5 + 14 + 0))?
9
(3 - 3) + 2 + 3 - 2
3
What is -8 + (5 + 3 - 7) + 6?
-1
What is the value of 7 - (-1 - (-2 - 2)) - 2?
2
Calculate -1 + -1 + 5 - -1 - 7.
-3
Evaluate (-1 - 0) + (-5 - (7 + -19)).
6
-6 - 0 - (-37 + 27)
4
Evaluate 21 + -24 - (-10 - (-7 + 2)).
2
Evaluate 2 + -20 + -57 + 67.
-8
-5 - ((-1 - 1) + 9 + -9)
-3
What is the value of (-10 - (1 + -6)) + 0 + 1?
-4
Evaluate 6 +